ns digit of 1698?
9
What is the units digit of 483?
3
What is the hundreds digit of 2170?
1
What is the thousands digit of 4771?
4
What is the hundreds digit of 8522?
5
What is the units digit of 70784?
4
What is the ten thousands digit of 96685?
9
What is the tens digit of 4147?
4
What is the tens digit of 7874?
7
What is the thousands digit of 1451?
1
What is the hundreds digit of 7193?
1
What is the thousands digit of 16794?
6
What is the tens digit of 951?
5
What is the tens digit of 40602?
0
What is the hundreds digit of 3514?
5
What is the thousands digit of 11986?
1
What is the units digit of 613?
3
What is the tens digit of 2093?
9
What is the hundreds digit of 4394?
3
What is the thousands digit of 31873?
1
What is the tens digit of 1793?
9
What is the hundreds digit of 8771?
7
What is the hundreds digit of 3751?
7
What is the hundreds digit of 174110?
1
What is the ten thousands digit of 11772?
1
What is the tens digit of 2455?
5
What is the thousands digit of 1284?
1
What is the units digit of 31106?
6
What is the units digit of 211?
1
What is the units digit of 6553?
3
What is the thousands digit of 1377?
1
What is the thousands digit of 63503?
3
What is the hundreds digit of 427?
4
What is the tens digit of 656?
5
What is the thousands digit of 111935?
1
What is the tens digit of 1026?
2
What is the units digit of 2390?
0
What is the hundreds digit of 872?
8
What is the hundreds digit of 7107?
1
What is the thousands digit of 15906?
5
What is the units digit of 1908?
8
What is the thousands digit of 20524?
0
What is the ten thousands digit of 17062?
1
What is the tens digit of 2304?
0
What is the thousands digit of 3596?
3
What is the units digit of 3006?
6
What is the units digit of 37642?
2
What is the hundreds digit of 760?
7
What is the tens digit of 1589?
8
What is the hundreds digit of 49284?
2
What is the thousands digit of 5269?
5
What is the units digit of 5622?
2
What is the units digit of 407?
7
What is the tens digit of 6348?
4
What is the units digit of 1013?
3
What is the tens digit of 1121?
2
What is the units digit of 60499?
9
What is the thousands digit of 18174?
8
What is the units digit of 832?
2
What is the thousands digit of 1292?
1
What is the thousands digit of 1565?
1
What is the hundreds digit of 1086?
0
What is the units digit of 18415?
5
What is the units digit of 395?
5
What is the thousands digit of 64988?
4
What is the thousands digit of 1708?
1
What is the hundreds digit of 5804?
8
What is the hundreds digit of 973?
9
What is the units digit of 220?
0
What is the ten thousands digit of 24468?
2
What is the units digit of 1924?
4
What is the units digit of 18681?
1
What is the tens digit of 16038?
3
What is the thousands digit of 3910?
3
What is the tens digit of 1093?
9
What is the hundreds digit of 20354?
3
What is the hundreds digit of 127907?
9
What is the units digit of 23020?
0
What is the thousands digit of 19537?
9
What is the thousands digit of 1730?
1
What is the tens digit of 6693?
9
What is the ten thousands digit of 33134?
3
What is the thousands digit of 21115?
1
What is the hundreds digit of 47261?
2
What is the hundreds digit of 358?
3
What is the thousands digit of 8257?
8
What is the units digit of 5546?
6
What is the thousands digit of 2706?
2
What is the tens digit of 3314?
1
What is the thousands digit of 2837?
2
What is the ten thousands digit of 78484?
7
What is the tens digit of 10960?
6
What is the hundreds digit of 926?
9
What is the tens digit of 947?
4
What is the tens digit of 6388?
8
What is the hundreds digit of 61580?
5
What is the hundred thousands digit of 122840?
1
What is the ten thousands digit of 12319?
1
What is the hundreds digit of 8366?
3
What is the thousands digit of 4914?
4
What is the units digit of 24930?
0
What is the hundreds digit of 2196?
1
What is the tens digit of 1549?
4
What is the hundreds digit of 5412?
4
What is the ten thousands digit of 33370?
3
What is the tens digit of 12100?
0
What is the units digit of 6868?
8
What is the tens digit of 27442?
4
What is the hundreds digit of 197?
1
What is the hundreds digit of 3766?
7
What is the thousands digit of 1720?
1
What is the hundreds digit of 1346?
3
What is the ten thousands digit of 44698?
4
What is the thousands digit of 108603?
8
What is the hundreds digit of 30501?
5
What is the units digit of 1130?
0
What is the units digit of 12927?
7
What is the tens digit of 278?
7
What is the tens digit of 45?
4
What is the tens digit of 5724?
2
What is the hundreds digit of 4948?
9
What is the units digit of 25123?
3
What is the thousands digit of 13582?
3
What is the hundreds digit of 616?
6
What is the thousands digit of 37457?
7
What is the tens digit of 17?
1
What is the tens digit of 10110?
1
What is the thousands digit of 64633?
4
What is the hundreds digit of 740?
7
What is the tens digit of 11203?
0
What is the hundreds digit of 386?
3
What is the hundreds digit of 51671?
6
What is the hundreds digit of 36555?
5
What is the tens digit of 875?
7
What is the units digit of 1163?
3
What is the tens digit of 983?
8
What is the thousands digit of 19615?
9
What is the tens digit of 8595?
9
What is the hundreds digit of 18765?
7
What is the units digit of 1050?
0
What is the hundreds digit of 3077?
0
What is the units digit of 24991?
1
What is the thousands digit of 4222?
4
What is the tens digit of 8411?
1
What is the tens digit of 16293?
9
What is the hundreds digit of 1251?
2
What is the hundreds digit of 51987?
9
What is the hundreds digit of 1980?
9
What is the hundreds digit of 87007?
0
What is the tens digit of 661?
6
What is the hundreds digit of 2198?
1
What is the units digit of 1773?
3
What is the tens digit of 738?
3
What is the hundreds digit of 1854?
8
What is the units digit of 6478?
8
What is the hundreds digit of 2020?
0
What is the tens digit of 2844?
4
What is the hundreds digit of 594?
5
What is the thousands digit of 38447?
8
What is the hundreds digit of 735?
7
What is the tens digit of 28929?
2
What is the units digit of 112299?
9
What is the tens digit of 1257?
5
What is the tens digit of 1305?
0
What is the units digit of 38187?
7
What is the ten thousands digit of 111812?
1
What is the hundred thousands digit of 144191?
1
What is the hundreds digit of 2619?
6
What is the thousands digit of 4390?
4
What is the tens digit of 182?
8
What is the units digit of 6180?
0
What is the thousands digit of 1777?
1
What is the units digit of 4054?
4
What is the hundreds digit of 1961?
9
What is the ten thousands digit of 15255?
1
What is the units digit of 1395?
5
What is the thousands digit of 2274?
2
What is the units digit of 7483?
3
What is the hundreds digit of 440?
4
What is the hundreds digit of 8059?
0
What is the tens digit of 4230?
3
What is the hundreds digit of 11020?
0
What is the hundreds digit of 7404?
4
What is the tens digit of 2080?
8
What is the units digit of 25927?
7
What is the ten thousands digit of 25631?
2
What is the units digit of 12410?
0
What is the units digit of 2011?
1
What is the tens digit of 28124?
2
What is the units digit of 3595?
5
What is the tens digit of 69177?
7
What is the hundreds digit of 5025?
0
What is the hundreds digit of 224?
2
What is the units digit of 23221?
1
What is the units digit of 14930?
0
What is the hundreds digit of 1601?
6
What is the units digit of 9267?
7
What is the hundreds digit of 3630?
6
What is the tens digit of 232?
3
What is the thousands digit of 40835?
0
What is the thousands digit of 3595?
3
What is the hundreds digit of 94365?
3
What is the hundreds digit of 19109?
1
What is the hundreds digit of 82498?
4
What is the tens digit of 13128?
2
What is the thousands digit of 6629?
6
What is the hundreds digit of 21661?
6
What is the hundreds digit of 3919?
9
What is the ten thousands digit of 14062?
1
What is the units digit of 1227?
7
What is the tens digit of 8973?
7
What is the units digit of 31194?
4
What is the ten thousands digit of 13070?
1
What is the tens digit of 121795?
9
What is the thousands digit of 1738?
1
What is the thousands digit of 26101?
6
What is the ten thousands digit of 11780?
1
What is the hundreds digit of 34117?
1
What is the units digit of 5?
5
What is the hundreds digit of 2117?
1
W